in base 6?
-43
-1240 (base 8) to base 6
-3040
What is 63 (base 7) in base 12?
39
20735 (base 10) to base 14
77b1
-3aca (base 15) to base 11
-9493
110120 (base 3) to base 13
201
What is 34176 (base 9) in base 13?
a47c
Convert -6731 (base 11) to base 8.
-21243
-9a (base 12) to base 13
-91
What is -1201210 (base 3) in base 10?
-1263
Convert -100110210 (base 3) to base 6.
-51550
-156343 (base 7) to base 13
-11194
16014 (base 9) to base 5
322243
Convert 12260 (base 7) to base 9.
4375
What is 13432 (base 6) in base 3?
2220002
Convert 101000110111 (base 2) to base 15.
b95
Convert -234400 (base 5) to base 3.
-102222011
Convert 151442 (base 6) to base 13.
6884
-346 (base 15) to base 6
-3233
Convert -b3 (base 15) to base 6.
-440
1a92 (base 12) to base 4
303032
122120222 (base 3) to base 9
18528
-10000011100 (base 2) to base 15
-4a2
Convert -2a4a (base 15) to base 3.
-110102221
-10100100110 (base 2) to base 4
-110212
Convert -11100101101 (base 2) to base 13.
-ab4
Convert -7165 (base 9) to base 8.
-12173
2221 (base 5) to base 4
10313
Convert 232341 (base 6) to base 15.
5dda
3b2 (base 12) to base 14
2c6
What is -10110100 (base 2) in base 10?
-180
What is -25412 (base 9) in base 13?
-7a27
Convert -50034 (base 8) to base 16.
-501c
What is -1085 (base 9) in base 14?
-418
What is -705 (base 8) in base 3?
-121210
What is -4681 (base 9) in base 12?
-2017
Convert 2730 (base 8) to base 10.
1496
Convert -472 (base 10) to base 7.
-1243
-22211113 (base 4) to base 14
-11b27
Convert -36302 (base 8) to base 13.
-7106
Convert 10103 (base 7) to base 2.
100110010101
-141351 (base 6) to base 3
-200021011
Convert -321244 (base 5) to base 2.
-10101001001000
What is -303022 (base 4) in base 2?
-110011001010
1a56 (base 14) to base 2
1001010101100
314122 (base 6) to base 5
1304123
What is -297 (base 11) in base 3?
-110220
Convert 5760 (base 8) to base 13.
1511
Convert -3032 (base 8) to base 16.
-61a
Convert 1410 (base 5) to base 9.
275
What is 23344 (base 5) in base 13?
a28
Convert -423 (base 16) to base 11.
-883
6ac (base 15) to base 7
4260
10101021 (base 3) to base 10
2464
Convert 84 (base 10) to base 13.
66
Convert -177a (base 12) to base 8.
-5416
What is -1377 (base 15) in base 12?
-24aa
Convert -10131 (base 5) to base 2.
-1010011010
What is -14248 (base 13) in base 10?
-37747
What is -5112 (base 6) in base 8?
-2144
Convert 778 (base 15) to base 16.
698
Convert -2779 (base 11) to base 10.
-3595
What is -2004 (base 6) in base 16?
-1b4
-461 (base 12) to base 13
-3ac
-11a (base 12) to base 10
-166
What is c00 (base 14) in base 15?
a6c
Convert 111 (base 5) to base 8.
37
What is -3bd (base 16) in base 12?
-679
-140a (base 11) to base 4
-130201
What is 699 (base 16) in base 4?
122121
1002 (base 6) to base 16
da
Convert -26894 (base 10) to base 4.
-12210032
2023 (base 9) to base 2
10111000111
Convert -11001100101 (base 2) to base 8.
-3145
What is 331 (base 5) in base 9?
111
24300 (base 5) to base 3
2111121
What is 108606 (base 9) in base 8?
177535
What is -101110110100000 (base 2) in base 7?
-126610
-12202 (base 4) to base 2
-110100010
-ab8 (base 12) to base 9
-2145
What is -20110221 (base 3) in base 7?
-16525
-2271 (base 8) to base 12
-849
126320 (base 8) to base 6
540452
Convert 1372 (base 9) to base 16.
40d
Convert -a49 (base 14) to base 8.
-3751
What is -1574a (base 14) in base 7?
-312123
Convert 171b6 (base 12) to base 2.
1000000101011010
40595 (base 10) to base 13
15629
Convert -103202 (base 6) to base 12.
-4b02
Convert 603 (base 14) to base 11.
982
What is -12366 (base 10) in base 12?
-71a6
What is 92cc (base 13) in base 3?
1000211002
Convert 994 (base 10) to base 16.
3e2
What is -1d4 (base 14) in base 12?
-27a
2968 (base 16) to base 9
15477
-12121021 (base 3) to base 10
-4084
Convert -30214 (base 9) to base 4.
-10312102
What is -3852 (base 14) in base 11?
-7465
-21203 (base 7) to base 10
-5246
What is -25ab (base 12) in base 11?
-3266
62636 (base 8) to base 12
1307a
Convert -796 (base 12) to base 15.
-4ec
-267 (base 11) to base 16
-13b
30320 (base 4) to base 10
824
-191 (base 15) to base 3
-111101
-62720 (base 8) to base 16
-65d0
What is 30ad (base 14) in base 15?
2740
What is 5357 (base 8) in base 7?
11106
Convert -1405 (base 6) to base 11.
-302
15317 (base 10) to base 15
4812
What is 10011101101110 (base 2) in base 8?
23556
-50310 (base 6) to base 14
-2590
Convert 312 (base 9) to base 14.
142
Convert 100000010101010 (base 2) to base 14.
6066
What is 3448 (base 10) in base 12?
1bb4
What is -123014 (base 5) in base 14?
-1a3d
Convert 36d0 (base 16) to base 9.
21221
427 (base 10) to base 15
1d7
What is -ba46 (base 12) in base 9?
-31110
What is -2185 (base 12) in base 7?
-13535
What is -1740 (base 9) in base 7?
-3612
Convert -17370 (base 16) to base 11.
-65494
What is 123340 (base 5) in base 13?
2289
What is -41250 (base 6) in base 2?
-1010101111110
164a7 (base 11) to base 7
124502
-1002 (base 3) to base 11
-27
Convert 50588 (base 11) to base 16.
120b2
Convert 3bb (base 13) to base 6.
3021
-b69 (base 13) to base 3
-2200002
-251 (base 6) to base 10
-103
8a6 (base 12) to base 4
103332
-30644 (base 7) to base 10
-7529
What is 3362 (base 8) in base 14?
910
-1577 (base 12) to base 16
-9eb
299 (base 11) to base 2
101011110
-3aa8 (base 12) to base 15
-2002
Convert 191 (base 11) to base 5.
1341
716b (base 15) to base 2
101110110001111
Convert -92 (base 10) to base 11.
-84
What is 301 (base 15) in base 7?
1654
Convert -20002 (base 4) to base 14.
-28a
-24130 (base 6) to base 5
-103020
Convert b08 (base 14) to base 10.
2164
What is 31310 (base 4) in base 2?
1101110100
What is -99 (base 13) in base 9?
-150
What is 835 (base 9) in base 12?
488
Convert -2666 (base 8) to base 16.
-5b6
Convert -10422 (base 6) to base 8.
-2656
What is -6231 (base 7) in base 8?
-4202
What is -1bd6 (base 14) in base 3?
-20222110
What is 251 (base 16) in base 6?
2425
Convert 121 (base 10) to base 13.
94
Convert -523 (base 10) to base 2.
-1000001011
What is 2200211 (base 3) in base 14?
a06
What is 6233 (base 8) in base 2?
110010011011
-f88 (base 16) to base 9
-5407
What is -31010203 (base 4) in base 7?
-312043
Convert 14332 (base 5) to base 14.
62d
-199 (base 14) to base 6
-1311
Convert 2b5c (base 15) to base 5.
244222
-e8 (base 15) to base 4
-3122
220212 (base 3) to base 9
825
5244 (base 11) to base 8
15441
What is -210 (base 12) in base 8?
-454
What is -2222102010 (base 3) in base 13?
-208b3
Convert -103314 (base 6) to base 14.
-3182
3052 (base 6) to base 3
221012
Convert -1d7 (base 15) to base 11.
-359
-1159 (base 16) to base 3
-20002111
Convert 2306 (base 9) to base 2.
11010101011
-9b4c (base 15) to base 4
-20002122
Convert 24 (base 16) to base 6.
100
Convert -21571 (base 8) to base 10.
-9081
Convert 1949 (base 10) to base 5.
30244
What is 11201122 (base 3) in base 4?
311312
What is 2121120 (base 4) in base 10?
9816
165 (base 10) to base 16
a5
Convert 212 (base 15) to base 10.
467
What is -3010130 (base 4) in base 13?
-5951
-1360 (base 9) to base 8
-2002
-23e1 (base 16) to base 8
-21741
What is 200022 (base 4) in base 11?
1601
Convert 101101 (base 2) to base 9.
50
Convert 3957 (base 10) to base 3.
12102120
Convert -a1 (base 15) to base 5.
-1101
Convert -110430 (base 5) to base 2.
-111100011001
Convert -2000110 (base 3) to base 6.
-10450
What is -1001100 (base 2) in base 5?
-301
What is -1335a (base 12) in base 15?
-7c67
10012201121 (base 3) to base 7
352216
Convert -1025 (base 9) to base 16.
-2f0
What is 6b6 (base 12) in base 4?
33222
Convert -22325 (base 6) to base 11.
-2403
What is -e5c7 (base 15) in base 11?
-33538
What is 42203 (base 5) in base 8?
5363
241 (base 9) to base 2
11000111
What is 665 (base 8) in base 11?
368
b2a2 (base 13) to base 2
110000000111101
What is 2638 (base 9) in base 7?
5525
What is -433522 (base 6) in base 8?
-105772
39c3 (base 15) to base 8
30055
Convert 1844 (base 16) to base 10.
6212
What is -201221 (base 3) in base 11?
-44a
121 (base 8) to base 9
100
-737 (base 12) to base 13
-62b
Convert -1357 (base 12) to base 7.
-6331
11001011100 (base 2) to base 7
4514
13a50 (base 12) to base 7
142641
Convert 2102 (base 7) to base 16.
2e1
1347 (base 8) to base 14
3b1
Convert -221111 (base 3) to base 7.
-2002
Convert -6189 (base 10) to base 9.
-8436
78f (base 16) to base 8
3617
What is -